In base 3, what is -11221102 + 11112?
-11202220
In base 5, what is 10030 + 3340?
13420
In base 16, what is 3c - -680?
6bc
In base 4, what is 13 - -3100333?
3101012
In base 12, what is -2 + -27431?
-27433
In base 7, what is -2 + 2353242?
2353240
In base 6, what is -34535540 + -1?
-34535541
In base 16, what is -1 - -79d?
79c
In base 3, what is -11 - 11111102?
-11111120
In base 12, what is 4 + -39358b?
-393587
In base 12, what is 5 + -3388?
-3383
In base 15, what is -42bde + 1?
-42bdd
In base 14, what is -6 - -283c?
2836
In base 13, what is -b9aa9 - -2?
-b9aa7
In base 15, what is -1d4 - 182?
-366
In base 14, what is d - 8c21?
-8c12
In base 12, what is 2703 - 90?
2633
In base 3, what is 2 - 100221022111?
-100221022102
In base 16, what is 9 + 4ce63?
4ce6c
In base 11, what is -133677 + -3?
-13367a
In base 7, what is -14650 + -341?
-15321
In base 16, what is 2fa + 101?
3fb
In base 16, what is 4 + -36cf?
-36cb
In base 9, what is 0 - 8865?
-8865
In base 2, what is -1001001100110110111 - -1?
-1001001100110110110
In base 9, what is -72863 + 2?
-72861
In base 10, what is 679 - 93?
586
In base 12, what is 1aa4 + -94?
1a10
In base 14, what is 6 + -839?
-833
In base 14, what is 4 - 28c7d?
-28c79
In base 11, what is 10 - 27141?
-27131
In base 16, what is 1 - 6a5e?
-6a5d
In base 5, what is 213 + -114411?
-114143
In base 15, what is b3 - -349?
40c
In base 3, what is 12021110020 + 0?
12021110020
In base 10, what is 252 - 3689?
-3437
In base 15, what is -62d - -98?
-585
In base 7, what is 122460225 + 1?
122460226
In base 5, what is -134011033 + -10?
-134011043
In base 2, what is 1000011 + 1010101111?
1011110010
In base 15, what is 77 - -3b0?
437
In base 9, what is -1 - 3008006?
-3008007
In base 4, what is -31 + 100002?
33311
In base 3, what is 100001012 + 112?
100001201
In base 15, what is -4 + -42433?
-42437
In base 16, what is 3eb + 20?
40b
In base 10, what is 14 - -8139?
8153
In base 9, what is 1415 + 57?
1473
In base 5, what is -4 - 1411343?
-1411402
In base 16, what is -169a - 44?
-16de
In base 13, what is -6 - 9c38?
-9c41
In base 3, what is -1 + 101012000011?
101012000010
In base 14, what is 1ac7 - c?
1ab9
In base 3, what is 12 + -1020000221?
-1020000202
In base 7, what is -1 + -601602?
-601603
In base 3, what is -1001012020 + -21?
-1001012111
In base 12, what is -742 + 41?
-701
In base 6, what is 133020 + 5?
133025
In base 4, what is -21 + 13021?
13000
In base 8, what is -3 - -33367?
33364
In base 8, what is 3 - 35223?
-35220
In base 3, what is 12 - -10120222120?
10120222202
In base 9, what is -6 - -178112?
178105
In base 10, what is -444 + -10653?
-11097
In base 4, what is 1032233112 - 0?
1032233112
In base 9, what is -23245 + 0?
-23245
In base 16, what is 732f + -14?
731b
In base 5, what is 414312 - -13?
414330
In base 5, what is 1 + -10002042?
-10002041
In base 11, what is 1a + 1a8a?
1aa9
In base 10, what is 1 - 226675?
-226674
In base 14, what is 22 - 172?
-150
In base 8, what is 104024 - 1?
104023
In base 16, what is -1909d + -1?
-1909e
In base 3, what is -2 + 1012211001?
1012210222
In base 5, what is -2 + 113311?
113304
In base 9, what is -23 + -4334?
-4357
In base 9, what is 566672 + 18?
566701
In base 4, what is 11 - -101303102?
101303113
In base 6, what is -1104132 + 3?
-1104125
In base 4, what is 222030 + -12?
222012
In base 16, what is -213 + 27?
-1ec
In base 13, what is -787c + 1?
-787b
In base 13, what is -a9201 - -2?
-a91cc
In base 12, what is 228b1 + 1?
228b2
In base 11, what is 1871a - -118?
18837
In base 2, what is -111 - -1101000101001?
1101000100010
In base 11, what is -8 + -783?
-790
In base 2, what is 11 + -1001101001000010?
-1001101000111111
In base 14, what is 143168 - -3?
14316b
In base 3, what is 1101 - -102102101?
102110202
In base 3, what is -11 - -2010111111222?
2010111111211
In base 14, what is d31 - 62?
cad
In base 10, what is 33006 - -3?
33009
In base 6, what is -15 + 1504351?
1504332
In base 2, what is 1001111111010011111 - 1?
1001111111010011110
In base 7, what is -2533 - 25?
-2561
In base 4, what is -2 + -1331010?
-1331012
In base 2, what is 1000101100 + 1001111?
1001111011
In base 7, what is 25 - -555164?
555222
In base 8, what is 2 + 227222?
227224
In base 5, what is 0 + 303221?
303221
In base 6, what is 114102205 - 0?
114102205
In base 6, what is -15 - 140205?
-140224
In base 15, what is -a09 + -7?
-a11
In base 16, what is -7 - 1a2b?
-1a32
In base 7, what is -1022 - 150?
-1202
In base 8, what is -51 - 4412?
-4463
In base 6, what is 4424 - 4?
4420
In base 9, what is 847 + 1026?
1874
In base 10, what is -414 - -848?
434
In base 12, what is b7a - -a2?
1060
In base 12, what is -2b76 + -57?
-3011
In base 6, what is -10 - 240102?
-240112
In base 10, what is 96 - 720?
-624
In base 7, what is -12632 - 25?
-12660
In base 13, what is -248 + -21c?
-467
In base 9, what is -3 + -318203?
-318206
In base 6, what is 30515014 - 3?
30515011
In base 8, what is -6 - 45455?
-45463
In base 14, what is -10 - -39c?
38c
In base 11, what is 101 + -97?
15
In base 12, what is -b6b1 - 30?
-b721
In base 2, what is 11101110011100001 - -100?
11101110011100101
In base 15, what is -12c - -7922?
77e5
In base 14, what is 667a6 - 5?
667a1
In base 9, what is 46006 - 150?
45746
In base 2, what is -1110000101001101 - 11110?
-1110000101101011
In base 14, what is -1 + 6681?
6680
In base 14, what is -3772 + -11?
-3783
In base 2, what is -100000010110 - -1101110?
-11110101000
In base 9, what is -338 - -241?
-87
In base 10, what is -43331 + 6?
-43325
In base 12, what is -138 + -2?
-13a
In base 16, what is b4 + 4a3?
557
In base 5, what is 4 - 133040?
-133031
In base 9, what is 6174 - 12?
6162
In base 10, what is -539 + 650?
111
In base 2, what is 100001 + 110101101111100?
110101110011101
In base 14, what is -4 + -13b16?
-13b1a
In base 5, what is -113241 - 130?
-113421
In base 7, what is 5 - 15346?
-15341
In base 7, what is 245333 - 1?
245332
In base 10, what is 1 - -2476?
2477
In base 5, what is 11310 + -3100?
3210
In base 3, what is 100 - -1202112220?
1202120020
In base 5, what is 2 + 22143331?
22143333
In base 2, what is -11101111 + 10111011?
-110100
In base 11, what is 18494 - 0?
18494
In base 2, what is 101 - 11100101111100101101?
-11100101111100101000
In base 2, what is -1 + 10110000101010?
10110000101001
In base 9, what is 302174 + 5?
302180
In base 6, what is 5 - -1234114?
1234123
In base 8, what is -4050 + -36?
-4106
In base 15, what is c - -967e?
968b
In base 13, what is 128 + -34c?
-224
In base 2, what is -1010000000110100 + -1?
-1010000000110101
In base 11, what is -42641 - -5?
-42637
In base 2, what is 110 + -1010010100011010?
-1010010100010100
In base 2, what is 1100100001100100 - -1101?
1100100001110001
In base 2, what is -10110000 + -10000000001?
-10010110001
In base 16, what is -5 - -9580a?
95805
In base 4, what is -110312 - 2?
-110320
In base 7, what is -12 + -16123?
-16135
In base 13, what is -15ac40 - 10?
-15ac50
In base 2, what is -1010 - -110101100?
110100010
In base 8, what is -22454 - -110?
-22344
In base 10, what is 1061470 - -1?
1061471
In base 3, what is -20011101021 - 2?
-20011101100
In base 15, what is 4c4 - -7?
4cb
In base 2, what is 111110 + 11010011?
100010001
In base 16, what is 5 - 2c01?
-2bfc
In base 10, what is -2 - 2975?
-2977
In base 15, what is 15040 + 1?
15041
In base 8, what is -4427 - 525?
-5154
In base 3, what is 10 - -110222200001?
110222200011
In base 3, what is -10001102022 + 2?
-10001102020
In base 2, what is 11100001111000 + 10110?
11100010001110
In base 3, what is 121001 + 101020?
222021
In base 12, what is 71 - -187?
238
In base 13, what is -1010 - 14?
-1024
In base 16, what is 0 + -212a?
-212a
In base 12, what is 3 - 692?
-68b
In base 3, what is 0 - -212212200?
212212200
In base 3, what is 20 - -2200101?
2200121
In base 16, what is 209cb + 10?
209db
In base 6, what is -4441 - 2?
-4443
In base 10, what is 2 + -815118?
-815116
In base 8, what is 31 - 16655?
-16624
In base 14, what is -3 + 143?
140
In base 9, what is 3 - -2300512?
2300515
In base 8, what is -335 + 266?
-47
In base 5, what is 112413414 - 4?
112413410
In base 8, what is 23 - -266416?
266441
In base 7, what is -610044 - 1?
-610045
In base 4, what is 12302220 - 13?
12302201
In base 9, what is 12332 - 171?
12151
In base 16, what is -aae + 15b?
-953
In 